636*o - 101. Is y(-5) a composite number?
False
Is (-1)/(-2)*32/80*107335 a composite number?
False
Let q = 7650 - 4263. Is q prime?
False
Let m = 855 - -5494. Is m prime?
False
Let g = -39 - -365. Let c = g + 1149. Suppose 2*n - 3*f - 561 - 29 = 0, 0 = 5*n + 4*f - c. Is n a prime number?
False
Is 60 - 63 - 6581*-2 a composite number?
False
Let z = 35 - 29. Suppose -z*c + 603 = -459. Is c a composite number?
True
Suppose 3659 - 68270 = -27*k. Is k a prime number?
True
Let a = -20861 + 50490. Is a a composite number?
False
Let o be 614*(4 - 5/10). Suppose -6*g = g - o. Is g a composite number?
False
Suppose -632 = -b + 998. Suppose -4*a - 322 = -b. Is a a prime number?
False
Let t be 2/6 + 0 - (-40623)/9. Let b = t + -1993. Is b composite?
False
Let m(d) = -2*d**3 - 20*d**2 + 19*d + 52. Is m(-15) a prime number?
True
Let d = -327 + 329. Suppose 6*h - 2*n = h + 101, -3*n = 2*h - 48. Is 1/(d + h/(-11)) prime?
True
Suppose 4*z - 2081 = 10971. Is z a prime number?
False
Suppose -4*o = 2*t - 31638, -63276 = 10*t - 14*t + 5*o. Is t prime?
False
Suppose 5*c = 7 + 8. Let h(i) = 31*i**2 + i + 1. Let q be h(c). Let g = q + -194. Is g prime?
True
Is 730088/10 + 4*2/40 composite?
False
Let u = 779 + 1166. Suppose i + 6 = 4*i. Suppose i*f = 7*f - u. Is f a prime number?
True
Suppose 0 = 4*u - 11 - 1. Let t(p) = -p**2 + 27*p + 58. Let s be t(29). Suppose 5*g - u*n - 892 = 0, 2*g = -s*n + 4*n + 354. Is g composite?
False
Suppose -2*w + 319 = -3*b + 27640, b + 5*w = 9124. Is b prime?
True
Let p = 11 + -14. Let w be p/2*(-2)/(-3). Let z(m) = -234*m + 1. Is z(w) prime?
False
Suppose 30 = -2*r - 4*r. Is (r/3)/(-5)*(6 + 16515) composite?
False
Suppose 0*d + 30 = -2*d. Is 0 - (-1 + 14*d) a prime number?
True
Let y = -66 + 70. Let c be -2 + 3 + (3 - 2). Suppose -t = -c*p + 287, 3*p - 392 = -y*t + 22. Is p prime?
False
Let y(f) = -f**3 + 3*f**2 - 11*f - 6. Let u be y(6). Let p = 1973 - u. Is p a prime number?
True
Let z(v) = -v**3 - 3*v**2 - 3*v - 2. Let p be z(-3). Let f be p/(-14) - 7/(-2). Suppose -f*n + 8*n = 925. Is n a composite number?
True
Let h = 7 - 4. Let v(t) = 0 + h + 6 - 4*t. Is v(-7) prime?
True
Let a = 4 - 1. Suppose -a*v + 0*l + 4*l = -1, 4*l + 8 = 4*v. Suppose -3*g + 202 = v. Is g prime?
False
Let o be (-20)/(-5) - (2 + -426). Suppose -3*l + l + o = 0. Is l a composite number?
True
Suppose -2*t + 3 = g - t, t + 9 = 2*g. Suppose -10 - 10 = -g*i. Let k(w) = 17*w - 3. Is k(i) composite?
True
Let n = 6 + 205. Is n prime?
True
Suppose 5*d = -6 + 31. Suppose -f - 4*f + 5*j + 10 = 0, d*j = -15. Is 1/(f + 1146/1143) a prime number?
False
Let r(b) be the second derivative of 401*b**3/6 + 5*b**2 + 24*b. Is r(3) composite?
False
Suppose -4*c = -5*d - 300, 2*c + 5*d = 3*c - 90. Let k = c - -3. Suppose -m + 34 = j, 2 = -2*j - 3*m + k. Is j composite?
False
Suppose 0 = -2603*x + 2611*x - 190792. Is x prime?
False
Suppose -3*m - 2*h = -4073, h + 4594 = 2*m + 1867. Is m a composite number?
False
Let r(b) = b**2 + b - 1. Let p(y) = 16*y**2 - y + 1. Let n(s) = p(s) + 5*r(s). Is n(5) a composite number?
False
Let p be (-4)/(-6) + 28/21. Suppose g = 2*g + 3*l - 163, l = p*g - 326. Is g a composite number?
False
Suppose -a = a - 114. Suppose -5*p = 2*d + 21, -5*d - 4*p + 3 = 13. Suppose -a = -x - d*x. Is x composite?
False
Let k = 30 + -31. Let c(q) = -q - 3. Let i be c(k). Let h(j) = 12*j**2 - j + 3. Is h(i) prime?
True
Suppose 3*b = 4*l - 2056, 5*l + 5*b - 1387 - 1148 = 0. Suppose -2500 = -d + l. Is d composite?
False
Let x = -637693 + 1126986. Is x a prime number?
False
Suppose 4*i - 2*y = 14, -5*i + 25 = 3*y - 7*y. Is (i*4 - 9036/(-6)) + 3 prime?
False
Let g(p) = p**3 + 10*p**2 + p - 7. Let v be g(-5). Suppose -2*m + r = -485, 2*r + 497 = 2*m + 5*r. Let x = m - v. Is x prime?
True
Let z(s) = s**2 - 6*s + 8. Let i = -8 + 10. Let q(c) = 2*c + 3. Let a be q(i). Is z(a) prime?
False
Let i(q) = 124*q**2 - 11*q - 181. Is i(-18) prime?
True
Is (10158 + -4)/(-11 + 13) a prime number?
True
Suppose 90*a - 3*g = 91*a - 86128, -3*a = 3*g - 258390. Is a composite?
False
Suppose -13*h = -6*h - 21. Let i(s) = 18*s - 11. Let y(w) = -54*w + 32. Let f(t) = -17*i(t) - 6*y(t). Is f(h) prime?
False
Suppose 2*b - 4*n = 10, -2*b + 5*b + 4*n = 5. Suppose -5*u + 24 = -b*u. Suppose 10*r + 110 = u*r. Is r composite?
True
Let n(t) = 2*t - 25. Let h(x) = x - 1. Let l(c) = -4*h(c) - n(c). Is l(-20) a prime number?
True
Suppose 0 = -4*r + 726 + 49514. Suppose -r = -10*q + 14650. Is q prime?
False
Let r(i) = 2767*i**2 + 8*i + 2. Is r(-1) a composite number?
True
Let o be ((-204)/3)/(-2) + 0. Let z = o - 29. Suppose 1897 = z*d + 602. Is d composite?
True
Let s = 54 + -50. Is (-1)/(2/53*s/(-8)) prime?
True
Suppose -641 = -2*r + 5*j, 2*r + 2*r = j + 1255. Suppose -2*y - 368 = 64. Let c = y + r. Is c prime?
True
Suppose -3*j = 5*h - h - 16, -h + 4 = -2*j. Let g be (2 - -2)*39/h. Suppose -g = 4*n - 115. Is n a prime number?
True
Suppose 0 = -4*c - s + 12, 3 = 4*c - 5*s + 15. Suppose c*z - 18 = -44. Let y = z - -44. Is y a composite number?
False
Suppose -n - n = 0. Suppose n = 4*g + 2*c + 3*c - 67, 3*g = -3*c + 54. Is g composite?
False
Let j(o) = o**3 + o**2 - 4*o + 3. Let q be j(2). Let d(l) = -40*l + 52. Let a(i) = 13*i - 17. Let y(p) = q*a(p) + 2*d(p). Is y(6) composite?
True
Let l(c) = -108*c - 3. Let y be l(-2). Let x(t) = t**2 + t + 5. Let p be x(-5). Suppose 3*a - y + 651 = 3*g, 5*a + p = 0. Is g a prime number?
False
Let n(h) = -28*h + 3. Let l(c) = 2*c**3 + 3*c**2 + 2*c. Let t be l(-2). Let x = t + 5. Is n(x) composite?
True
Let r(l) be the first derivative of 82*l**3/3 + 2*l**2 - 13*l - 21. Is r(-5) a prime number?
True
Let u be (4 - 2 - 3)*212. Is u*(21/6)/(-7) a prime number?
False
Suppose b - 35 = 3*s + 2*s, -4*b - 3*s = -48. Suppose -5*o - 6690 = -b*o. Is o a composite number?
True
Suppose -15819 = z - 4*z - 4*l, -2*z = -5*l - 10523. Is z prime?
False
Suppose 0 = 6*g - 23917 - 25349. Let w = -3676 + g. Is w prime?
False
Let f(y) be the second derivative of 61*y**3/6 - 7*y**2 + y. Is f(7) a prime number?
False
Let p(k) = -2*k + 17. Let u(s) = 3*s - 18. Let q be u(8). Let w be p(q). Suppose w*o = 3*x - 569 + 1590, -404 = -2*o - x. Is o prime?
False
Suppose -i = -2*l + 2*i + 7306, 5*l - 18299 = -i. Is l a prime number?
True
Suppose 20 = -5*z + 5, 2*d - 38753 = 5*z. Is d a prime number?
False
Let l(h) = -46*h**3 + h**2 - 2*h + 1. Let a be l(-2). Let m = 200 + a. Is m a prime number?
True
Let n = -6737 - -10726. Is n a prime number?
True
Let f = -26 - -29. Suppose f*p = -3*n + 161 + 283, 5*n = 5*p + 750. Is n composite?
False
Let y(h) = -2*h + 16. Let z be y(5). Suppose f + 2*i + 6 = 4*f, -f = -2*i - z. Suppose 3*p + 4*q - 2*q - 763 = f, 20 = 4*q. Is p a prime number?
True
Let q be ((-5112)/16)/((18/(-88))/(-3)). Is 4/16 - q/8 a prime number?
False
Let j(m) = 254*m**3 + m**2 - 2*m. Let u be j(2). Let y = -1274 + u. Is y prime?
False
Suppose -5*g + 260747 = 4*f, -4*g + 0*f + 208582 = -2*f. Is g a prime number?
True
Let h be (-1)/((-1)/2) + 18. Let q = h - 16. Suppose 31 = -3*r + q*r. Is r a composite number?
False
Let g(p) = p**2 + 7*p + 6. Let w be g(-6). Let u = -50 + 70. Suppose -u = -4*o - w, -34 = -f - 3*o. Is f a prime number?
True
Suppose 8*p = -7*p + 321285. Is p a prime number?
True
Let p = 92025 + -53914. Is p composite?
True
Let z = 3938 + -387. Is z a prime number?
False
Let g(w) = 1910*w**2 + 22*w + 137. Is g(-5) composite?
False
Suppose 4*s = 16, -r - 2 - 8 = -3*s. Suppose 2*c = -r*d + 372, -2*d - 3*c - 922 = -7*d. Is d composite?
True
Let b(s) = -11*s + 1. Let o(f) = 1. Let z(u) = -b(u) + 6*o(u). Let h be z(12). Let r = h - 46. Is r prime?
False
Let z be -1*(4 - 0 - 7). Suppose 0 = z*p - 888 - 492. Suppose -n - 3 = -p. Is n a composite number?
False
Suppose 4*b + 5*f - 2580 = -0*b, -3*f = -2*b + 1312. Let y = b + -133. Is y a composite number?
True
Let v(m) = m + 12. Let k be v(-9). Suppose k*q = 2723 - 77. Suppose -r = 3*h - 302, 5*r - 2*r + h - q = 0. Is r prime?
True
Let v = -1166 + 2076. Suppose -4*f - 174 = 1526. Let g = f + v. Is g prime?
False
Suppose 111715 = 5*u + 4*k, 5*u - 3*u = -5*k + 44686. Is u a prime number?
True
Suppose 24091 + 5339 = -9*k. Is 0 - (k + (-5 - (-4)/2)) a composite number?
True
Is (-52062)/(-7) + (-24)/(-42) a composite number?
True
Let m = -2